ns digit of 350?
5
What is the units digit of 5537?
7
What is the tens digit of 3070?
7
What is the units digit of 992?
2
What is the tens digit of 5264?
6
What is the hundreds digit of 1245?
2
What is the hundreds digit of 594?
5
What is the thousands digit of 41658?
1
What is the tens digit of 15232?
3
What is the hundreds digit of 7796?
7
What is the tens digit of 28035?
3
What is the units digit of 963?
3
What is the hundreds digit of 35573?
5
What is the units digit of 17388?
8
What is the thousands digit of 7949?
7
What is the tens digit of 1932?
3
What is the tens digit of 31587?
8
What is the units digit of 8684?
4
What is the tens digit of 92?
9
What is the tens digit of 10322?
2
What is the hundred thousands digit of 166900?
1
What is the units digit of 166373?
3
What is the ten thousands digit of 38970?
3
What is the thousands digit of 4162?
4
What is the thousands digit of 5893?
5
What is the units digit of 18686?
6
What is the units digit of 640?
0
What is the tens digit of 15186?
8
What is the units digit of 707?
7
What is the ten thousands digit of 12423?
1
What is the hundreds digit of 1427?
4
What is the tens digit of 3492?
9
What is the tens digit of 54324?
2
What is the units digit of 992?
2
What is the tens digit of 10859?
5
What is the thousands digit of 20656?
0
What is the thousands digit of 4927?
4
What is the thousands digit of 27912?
7
What is the hundreds digit of 3211?
2
What is the hundreds digit of 1868?
8
What is the tens digit of 9718?
1
What is the units digit of 4076?
6
What is the thousands digit of 1331?
1
What is the tens digit of 22306?
0
What is the units digit of 20093?
3
What is the ten thousands digit of 23654?
2
What is the thousands digit of 3224?
3
What is the units digit of 155660?
0
What is the hundreds digit of 80413?
4
What is the thousands digit of 9800?
9
What is the thousands digit of 1773?
1
What is the thousands digit of 47594?
7
What is the units digit of 18296?
6
What is the units digit of 5698?
8
What is the units digit of 145553?
3
What is the thousands digit of 3412?
3
What is the hundreds digit of 7627?
6
What is the ten thousands digit of 12353?
1
What is the hundreds digit of 129?
1
What is the thousands digit of 14737?
4
What is the units digit of 18338?
8
What is the ten thousands digit of 26939?
2
What is the tens digit of 839?
3
What is the thousands digit of 7487?
7
What is the hundreds digit of 2140?
1
What is the hundreds digit of 1728?
7
What is the hundreds digit of 34255?
2
What is the tens digit of 7589?
8
What is the hundreds digit of 2092?
0
What is the ten thousands digit of 13495?
1
What is the tens digit of 1019?
1
What is the hundreds digit of 108880?
8
What is the hundreds digit of 528?
5
What is the units digit of 720?
0
What is the hundreds digit of 2745?
7
What is the tens digit of 1183?
8
What is the tens digit of 100?
0
What is the hundreds digit of 1017?
0
What is the hundreds digit of 132450?
4
What is the tens digit of 2355?
5
What is the units digit of 7136?
6
What is the tens digit of 3784?
8
What is the units digit of 88371?
1
What is the thousands digit of 1964?
1
What is the hundreds digit of 1370?
3
What is the hundreds digit of 5494?
4
What is the hundreds digit of 144?
1
What is the hundreds digit of 268?
2
What is the units digit of 340?
0
What is the units digit of 3200?
0
What is the hundreds digit of 1067?
0
What is the hundreds digit of 3923?
9
What is the tens digit of 397?
9
What is the tens digit of 1383?
8
What is the tens digit of 732?
3
What is the hundreds digit of 1461?
4
What is the hundreds digit of 455?
4
What is the units digit of 6322?
2
What is the thousands digit of 1033?
1
What is the ten thousands digit of 17281?
1
What is the units digit of 601?
1
What is the units digit of 257?
7
What is the units digit of 2237?
7
What is the tens digit of 106825?
2
What is the tens digit of 1439?
3
What is the units digit of 796?
6
What is the ten thousands digit of 66282?
6
What is the tens digit of 99665?
6
What is the hundreds digit of 526?
5
What is the thousands digit of 12799?
2
What is the ten thousands digit of 136237?
3
What is the units digit of 1821?
1
What is the ten thousands digit of 60067?
6
What is the units digit of 569?
9
What is the units digit of 334?
4
What is the thousands digit of 2588?
2
What is the tens digit of 75122?
2
What is the ten thousands digit of 21933?
2
What is the units digit of 26814?
4
What is the units digit of 4217?
7
What is the units digit of 1255?
5
What is the thousands digit of 23705?
3
What is the thousands digit of 12759?
2
What is the thousands digit of 8900?
8
What is the tens digit of 1472?
7
What is the units digit of 951?
1
What is the thousands digit of 44952?
4
What is the ten thousands digit of 64029?
6
What is the tens digit of 5494?
9
What is the tens digit of 106715?
1
What is the thousands digit of 1390?
1
What is the tens digit of 533?
3
What is the hundreds digit of 8268?
2
What is the tens digit of 560?
6
What is the tens digit of 37474?
7
What is the units digit of 21287?
7
What is the tens digit of 586?
8
What is the thousands digit of 3858?
3
What is the hundreds digit of 22669?
6
What is the tens digit of 13848?
4
What is the hundred thousands digit of 115435?
1
What is the units digit of 8184?
4
What is the hundreds digit of 3002?
0
What is the ten thousands digit of 30392?
3
What is the tens digit of 6232?
3
What is the tens digit of 13802?
0
What is the hundreds digit of 130?
1
What is the hundreds digit of 1077?
0
What is the tens digit of 23162?
6
What is the units digit of 15188?
8
What is the tens digit of 13175?
7
What is the thousands digit of 8158?
8
What is the tens digit of 28856?
5
What is the hundreds digit of 9201?
2
What is the units digit of 39757?
7
What is the tens digit of 446?
4
What is the thousands digit of 56329?
6
What is the tens digit of 17833?
3
What is the thousands digit of 75055?
5
What is the hundreds digit of 823?
8
What is the hundreds digit of 23654?
6
What is the hundreds digit of 249?
2
What is the units digit of 1634?
4
What is the tens digit of 4269?
6
What is the thousands digit of 25596?
5
What is the units digit of 511?
1
What is the tens digit of 6574?
7
What is the ten thousands digit of 18574?
1
What is the thousands digit of 25182?
5
What is the hundreds digit of 486?
4
What is the hundreds digit of 1387?
3
What is the thousands digit of 1159?
1
What is the tens digit of 56796?
9
What is the units digit of 3560?
0
What is the hundreds digit of 134?
1
What is the thousands digit of 1197?
1
What is the hundreds digit of 12859?
8
What is the thousands digit of 59876?
9
What is the tens digit of 905?
0
What is the thousands digit of 2655?
2
What is the hundreds digit of 44958?
9
What is the units digit of 1688?
8
What is the units digit of 2248?
8
What is the tens digit of 141181?
8
What is the units digit of 1927?
7
What is the tens digit of 996?
9
What is the tens digit of 1818?
1
What is the ten thousands digit of 48033?
4
What is the tens digit of 294?
9
What is the thousands digit of 20498?
0
What is the thousands digit of 3386?
3
What is the hundreds digit of 2687?
6
What is the hundreds digit of 92537?
5
What is the thousands digit of 10520?
0
What is the tens digit of 14325?
2
What is the units digit of 4501?
1
What is the hundreds digit of 54457?
4
What is the hundreds digit of 1172?
1
What is the tens digit of 1023?
2
What is the hundreds digit of 2831?
8
What is the units digit of 505?
5
What is the hundreds digit of 32265?
2
What is the thousands digit of 14645?
4
What is the hundreds digit of 10225?
2
What is the tens digit of 19335?
3
What is the units digit of 3989?
9
What is the thousands digit of 1233?
1
What is the thousands digit of 4249?
4
What is the thousands digit of 3097?
3
What is the thousands digit of 6052?
6
What is the units digit of 851?
1
What is the units digit of 24315?
5
What is the hundreds digit of 2062?
0
What is the tens digit of 59473?
7
What is the hundreds digit of 64162?
1
What is the thousands digit of 61396?
1
What is the tens digit of 593?
9
What is the units digit of 19042?
2
What is the hundreds digit of 61799?
7
What is the units digit of 739?
9
What is the units digit of 576?
6
Wha